t is the greatest common factor of 11539 and 1177?
11
What is the highest common divisor of 296 and 1554?
74
What is the greatest common factor of 2534 and 38734?
362
What is the greatest common factor of 6981 and 2002?
13
What is the greatest common factor of 5447585 and 715?
715
Calculate the greatest common divisor of 1111 and 12928.
101
What is the greatest common divisor of 45234 and 322?
14
Calculate the greatest common divisor of 47 and 2274659.
47
Calculate the highest common divisor of 57132 and 6.
6
What is the greatest common factor of 565 and 13?
1
What is the greatest common divisor of 1833588 and 2232?
1116
Calculate the highest common factor of 202270 and 3580.
1790
Calculate the highest common factor of 2410 and 2890.
10
Calculate the highest common divisor of 45279 and 559.
559
Calculate the highest common divisor of 198 and 2250.
18
What is the greatest common factor of 3356 and 20?
4
What is the highest common factor of 41950 and 2200?
50
Calculate the greatest common divisor of 2 and 122434.
2
Calculate the greatest common factor of 17860 and 25460.
380
Calculate the greatest common factor of 576 and 257472.
576
Calculate the highest common factor of 13768 and 368.
8
Calculate the greatest common factor of 444497 and 73.
73
What is the greatest common divisor of 242 and 1243?
11
What is the highest common factor of 2378705 and 532?
133
Calculate the greatest common factor of 7689 and 3102.
33
What is the highest common factor of 5263 and 475?
19
Calculate the greatest common divisor of 1254 and 185801.
209
What is the greatest common factor of 99 and 1224927?
99
What is the highest common factor of 7440 and 1152?
48
What is the highest common divisor of 589605 and 115?
115
Calculate the greatest common divisor of 88057 and 11707.
509
Calculate the greatest common divisor of 2461220 and 218.
218
What is the greatest common divisor of 640 and 4580?
20
Calculate the greatest common divisor of 5453 and 99484.
133
What is the greatest common factor of 152 and 47500?
76
What is the highest common divisor of 24 and 18198?
6
Calculate the highest common factor of 2772 and 4884.
132
What is the highest common factor of 23784 and 1944?
24
What is the highest common factor of 5007 and 69?
3
What is the greatest common divisor of 25011 and 189?
63
What is the greatest common factor of 120210 and 60?
30
What is the greatest common factor of 383082 and 147?
147
What is the greatest common divisor of 44215 and 371645?
1195
Calculate the greatest common divisor of 13 and 307177.
13
Calculate the greatest common factor of 173126 and 1926.
214
Calculate the greatest common factor of 35890 and 1455.
485
Calculate the greatest common factor of 14553 and 18.
9
Calculate the highest common divisor of 625 and 77125.
125
Calculate the greatest common divisor of 59290 and 220.
110
What is the greatest common divisor of 111090 and 7360?
230
What is the highest common factor of 1627 and 4322939?
1627
Calculate the highest common factor of 3315 and 1305005.
1105
Calculate the highest common divisor of 28272 and 18240.
912
Calculate the greatest common factor of 10 and 139670.
10
What is the greatest common factor of 300 and 38496?
12
What is the highest common factor of 21 and 545937?
21
What is the greatest common factor of 2076 and 14400?
12
What is the greatest common divisor of 7275 and 5175?
75
What is the highest common divisor of 28 and 1892?
4
Calculate the greatest common divisor of 23232 and 16698.
726
What is the greatest common divisor of 18723 and 3?
3
Calculate the highest common factor of 1617 and 24013.
11
What is the greatest common factor of 64 and 117632?
64
Calculate the highest common divisor of 8153 and 341.
31
What is the greatest common divisor of 294637 and 6872?
859
Calculate the greatest common factor of 597 and 206761.
199
Calculate the highest common divisor of 13200 and 2288.
176
What is the greatest common factor of 8549 and 1079?
83
Calculate the greatest common factor of 154514 and 46.
46
What is the greatest common factor of 154601 and 265?
53
What is the greatest common factor of 213 and 49061?
71
Calculate the highest common divisor of 8907916 and 872.
436
What is the greatest common factor of 10437 and 85413?
213
What is the highest common factor of 11 and 39941?
11
Calculate the highest common divisor of 11824 and 368.
16
What is the highest common divisor of 496 and 9238?
62
Calculate the highest common factor of 70 and 2058070.
70
What is the highest common divisor of 30 and 103590?
30
What is the highest common factor of 282212 and 28?
28
What is the greatest common factor of 5518 and 1178?
62
What is the highest common divisor of 72 and 5057352?
72
Calculate the highest common factor of 53874 and 25092.
738
What is the highest common divisor of 7179 and 1940723?
2393
Calculate the highest common factor of 136 and 567494.
34
What is the greatest common factor of 1021723 and 43?
43
What is the highest common divisor of 2375454 and 6?
6
What is the highest common divisor of 3140 and 2980?
20
What is the highest common factor of 15585 and 60?
15
What is the highest common factor of 7953 and 11?
11
Calculate the greatest common factor of 8 and 96914.
2
What is the greatest common divisor of 667392 and 316?
316
What is the highest common divisor of 51166 and 22?
2
Calculate the greatest common divisor of 58672 and 48.
16
What is the highest common divisor of 256036 and 1587?
529
What is the greatest common divisor of 1133 and 297?
11
Calculate the greatest common factor of 600 and 37875.
75
What is the highest common factor of 5395172 and 4?
4
Calculate the greatest common factor of 23 and 1144986.
23
What is the highest common divisor of 2714 and 413?
59
What is the greatest common divisor of 180954 and 162?
162
What is the highest common factor of 3176 and 152?
8
Calculate the highest common divisor of 66381 and 5232.
327
What is the greatest common factor of 49486 and 3706?
218
Calculate the greatest common factor of 7116 and 24.
12
What is the highest common divisor of 28 and 213472?
28
What is the highest common factor of 17255 and 317695?
1015
Calculate the highest common divisor of 345 and 453215.
115
Calculate the highest common divisor of 282518 and 928.
58
Calculate the greatest common divisor of 2340 and 7930.
130
What is the highest common divisor of 5663 and 56?
7
Calculate the greatest common factor of 3256 and 480667.
407
What is the highest common divisor of 146824 and 40?
8
What is the highest common divisor of 93184 and 234?
26
What is the highest common factor of 359090 and 447?
149
Calculate the greatest common divisor of 241773 and 44457.
609
Calculate the greatest common divisor of 2277 and 144.
9
Calculate the greatest common factor of 1200 and 3300.
300
What is the greatest common divisor of 200 and 35050?
50
What is the greatest common factor of 907491 and 39?
39
Calculate the highest common factor of 113378 and 1162.
166
What is the highest common factor of 66 and 23280?
6
Calculate the greatest common factor of 80838 and 3493.
499
What is the greatest common divisor of 976400 and 400?
400
Calculate the highest common factor of 974380 and 3090.
1030
Calculate the highest common divisor of 432 and 166176.
144
What is the greatest common divisor of 2438551 and 311?
311
What is the greatest common factor of 341 and 98890?
341
Calculate the highest common factor of 48881 and 21.
7
What is the greatest common factor of 1284 and 146483?
107
What is the highest common divisor of 48184 and 1585?
317
What is the highest common divisor of 4245 and 165?
15
What is the greatest common factor of 9038460 and 120?
60
Calculate the greatest common divisor of 88 and 981112.
88
What is the highest common divisor of 228896 and 80?
16
What is the greatest common factor of 2740 and 19865?
685
Calculate the highest common factor of 4170 and 21545.
695
Calculate the greatest common divisor of 100 and 2077780.
20
Calculate the greatest common divisor of 1269 and 14523.
141
What is the greatest common divisor of 1161 and 2484?
27
Calculate the highest common divisor of 192204 and 855.
171
What is the greatest common factor of 27 and 86481?
27
What is the greatest common factor of 96 and 68664?
24
What is the g